2*k + 74. List the prime factors of a(-3).
2, 5, 151
Suppose 0 = 15*c + 4822 - 12607. List the prime factors of c.
3, 173
Let l = 1310 - 1239. List the prime factors of l.
71
Suppose 0 = -2*g - 6, -3*g = -3*p - 8*g - 60. Let h(c) = 4*c**3 + 17*c + 1 - 4*c + 16*c**2 - 3*c**3. List the prime factors of h(p).
31
Let h(q) be the third derivative of q**6/120 + q**5/12 - 5*q**4/24 + 4*q**3/3 - 3*q**2. List the prime factors of h(-6).
2
Suppose 0 = -2*x - 15*x + 7106. What are the prime factors of x?
2, 11, 19
Suppose -4*d + 4 = -2*q, 3*d + 3*q - 2*q = 8. Suppose d*l - 162 = 52. What are the prime factors of l?
107
Let z(g) = -12*g**3 - g**2 + 7*g - 21. List the prime factors of z(-4).
19, 37
Let v be 2/((-24)/9)*-4. Let t(x) = 3*x**3 + x**2 - 5. List the prime factors of t(v).
5, 17
Suppose -25*i = 18*i - 37195. What are the prime factors of i?
5, 173
Let v(a) = -a**2 - a + 80. Suppose -4*m - m = 0. Let t be v(m). Suppose -3*c = -2*f - t - 32, 4*f = -4*c + 156. List the prime factors of c.
2, 19
Let p be (6/39 + (-3024)/52)*-65. What are the prime factors of (-2 - 14/(-6)) + p/30?
2, 3, 7
Let i = -643 + 976. What are the prime factors of i?
3, 37
Let s = -35 - -43. What are the prime factors of (4/s)/(1/34)?
17
Let q = -2967 + 4210. What are the prime factors of q?
11, 113
Suppose -8*c = 39 - 239. Suppose -2*r = -6*r + 4*m + 288, 5*m = -r + 60. Let t = r - c. What are the prime factors of t?
3, 5
Let i(g) = 249*g - 44. List the prime factors of i(2).
2, 227
Let o = -480 - -739. Let w(b) = b**2 - 2*b + 31. Let z be w(13). Suppose -5*v = -3*l + z, 2*l - o = -3*l - 2*v. What are the prime factors of l?
53
Let s(y) = y**2 + 6*y - 8. Let v be s(-8). Let o(f) = f**3 - 7*f**2 - 5*f + 20. List the prime factors of o(v).
2, 11
Suppose -5*c = -11*c - 1788. Let p = 466 + c. List the prime factors of p.
2, 3, 7
Let y be 0 + (0 - 4) - -30. Let l = y + 23. Suppose -3*t - o + 142 = l, -4*o + 84 = 3*t. List the prime factors of t.
2
Suppose 230 - 53 = 3*m. Let u(y) = -6*y + 15. Let l be u(7). Let k = m + l. List the prime factors of k.
2
Let z be (-20 + -2)*(-1)/(-2). Let v be (-2)/(-4)*(-33 + -1). Let p = z - v. What are the prime factors of p?
2, 3
Let b be ((-53)/(-12))/(7/(-21))*-4. Let z = -14 + b. What are the prime factors of z?
3, 13
Let l(h) = 2201*h - 316. List the prime factors of l(2).
2, 3, 227
Let h(c) = -c**2 + 8*c + 3. Let v be h(-5). Suppose -3*r = 15*z - 14*z + 91, 0 = 2*z + 3*r + 179. Let t = v - z. List the prime factors of t.
2, 13
Suppose -3*p - 1425 = -6*p - 2*l, 4*p + 4*l = 1900. Suppose t = -4*t + p. List the prime factors of t.
5, 19
Suppose -u + 3*t = 2*t, 0 = 2*u + 5*t - 14. Let j be ((-6)/(-2) - 3)/1. Suppose l + 4 = 0, -u = -j*x - x - 4*l. What are the prime factors of x?
2, 3
Let q be 12 - 4 - 1*3. Suppose -120 = q*h - 9*h. What are the prime factors of h?
2, 3, 5
What are the prime factors of 13/(-52) - (-12466)/8?
2, 19, 41
Let k be 3/(-2)*(-110)/15. Suppose 4*t + 4*y - 4 = 0, -k = -t + 2*t - 5*y. Let n(d) = 26*d**2 - d. What are the prime factors of n(t)?
3
Let a(t) = t**2 + 9*t - 37. Let y(q) = q**2 + 17*q - 6. Let w be y(-18). List the prime factors of a(w).
5, 43
Let x(g) = -5*g**2 + 4*g + 3. Let y(p) = -5*p**2 + 5*p + 4. Let o(a) = -6*x(a) + 4*y(a). Let n(j) = j - 22. Let s be n(20). What are the prime factors of o(s)?
2, 23
List the prime factors of (15/9)/((-65)/(-7254)).
2, 3, 31
Let d(c) = -75*c + 14. What are the prime factors of d(-3)?
239
Suppose 0 = -t + 6 - 9. Let u be (-2)/t*-9 - -2. List the prime factors of (-30)/u - (-1)/(-2).
7
Suppose -5*s + 1216 = 2*v, -5*s + 4 = 14. What are the prime factors of v?
613
Let g(a) be the first derivative of a**3/3 - 3*a**2/2 + 2*a + 2. Let f(h) = h**2 + 4*h - 3. Let i be f(-4). List the prime factors of g(i).
2, 5
Let g(d) = 10*d**2 + 12*d - 10. What are the prime factors of g(-4)?
2, 3, 17
Let n = 104 + -98. Suppose -13*c = -n*c - 1729. List the prime factors of c.
13, 19
Let g = -27 + 31. List the prime factors of (-274)/(-18) + 3/(-54)*g.
3, 5
Suppose f - 5*f + 2*c + 3884 = 0, -2939 = -3*f - 5*c. What are the prime factors of f?
7, 139
Let v(p) = -p**3 - 13*p**2 - 17*p + 19. Let h be v(-11). Let x = 257 + h. List the prime factors of x.
13, 17
Let a = -25 + 12. Let z = 25 - a. Suppose -3*i = k + i - z, -3*i = -15. List the prime factors of k.
2, 3
Let f = 13 + -9. Suppose k + 105 = f*k. Let q = k + -3. List the prime factors of q.
2
Suppose -16 = -2*m + 3*p, 5*m - p = 9 + 5. Suppose 4*t - 6 = -30. Let h = m - t. What are the prime factors of h?
2
Let u = -301 - -826. What are the prime factors of u?
3, 5, 7
Let f(q) = 2*q**2 - 2*q + 1. Let b be f(5). Suppose -b = 3*y - 131. List the prime factors of y.
2, 3, 5
Suppose -5*v = 30*v - 33845. What are the prime factors of v?
967
Let f(y) = -y**2 + 5*y + 4. Let w = -1 + -5. Let m = 11 + w. What are the prime factors of f(m)?
2
Suppose -46 + 247 = t. Suppose 399 = 4*h - t. What are the prime factors of h?
2, 3, 5
Let k = -1867 + 2796. What are the prime factors of k?
929
Let u = 8084 + -5563. List the prime factors of u.
2521
Suppose -3*o + 7*v + 664 = 11*v, 4*o = 2*v + 856. List the prime factors of o.
2, 3
What are the prime factors of 669 + (42/(-30))/7*5?
2, 167
Suppose 3*v + 53 = -d, 2*v - d + 31 = -6*d. Let f = 25 + v. What are the prime factors of f?
7
What are the prime factors of (-1)/(2/(-614)) + -5 + 11?
313
Let n = -34 - -45. Suppose -17 = -7*k + n. What are the prime factors of (-2)/k*320/(-5)?
2
Suppose 3*v + 44 = 2*g, 3*g - 31 = v + v. Let h be v*(2 + (-20)/8). Let t = 28 - h. What are the prime factors of t?
3, 7
Suppose -c + 13 - 10 = 0. Suppose c*x - 970 = 23. List the prime factors of x.
331
Let q = -142 - -209. List the prime factors of q.
67
Let h be (-2)/(-3) + (-26)/3. Let s = 255 + -272. Let t = h - s. List the prime factors of t.
3
Let s(k) = -k - 10. Let y be s(-10). Suppose y = -3*q - 3*q + 930. List the prime factors of q.
5, 31
Let p(i) = 6*i - 4. Let v be (-2)/(-2)*(-3 + 2). Let o be ((-1)/2)/(v/8). What are the prime factors of p(o)?
2, 5
Suppose -1131 = -6*q + 423. List the prime factors of q.
7, 37
Suppose 0 = k + 2*k - 24. Suppose 6*u + 8 = k*u. Suppose -u*f - 27 = -3*r, -2*r + 5*f + 50 = 3*r. List the prime factors of r.
13
Let q be -36 - (1 - 1)/3. Let f be 4/(-7) - 736/(-14). Let d = q + f. What are the prime factors of d?
2
Suppose 2*j - 637 - 144 = -5*u, 0 = 4*u + 2*j - 626. What are the prime factors of u?
5, 31
Suppose -4*b = -i - 36, b - 5*i + 5 = -5. Let z be (-79)/(-2) + -6*(-4)/16. Let x = b + z. List the prime factors of x.
3, 17
Suppose -8 - 2 = -2*d. Suppose -47 = -d*t - 207. Let h = t + 55. List the prime factors of h.
23
Let g = 36 + -66. Let b = 123 + g. What are the prime factors of b?
3, 31
Suppose 4*j + 5*d - 1341 = 0, 3*j - 1134 = 4*d - 167. Suppose -4*p = 3*p - j. What are the prime factors of p?
47
Let r(b) = 228*b**2 + 33*b - 1. List the prime factors of r(-2).
5, 13
Suppose -3*c - 49 = 4*c. What are the prime factors of 269/5 + c/(-35)?
2, 3
Let v = 8 + -6. Let r(g) = 8*g**2 - 3*g + g**3 - 1 - 4*g**v - 5 - 4*g. List the prime factors of r(-5).
2
Let h(a) = -a**2 - 8*a - 12. Let z(l) = -9*l + 24. Let j be z(3). List the prime factors of h(j).
3
Let o = -134 - -142. Suppose j - 1494 = -o*j. List the prime factors of j.
2, 83
Let k(j) = 11*j**2 - j - 2. Let i be k(2). Let x = -24 + 41. Let p = i - x. List the prime factors of p.
23
Let x = -15 - -18. Let d(l) = x + 9 + 15*l - 10 + 17*l. List the prime factors of d(1).
2, 17
Suppose 5*a = 9 + 11. Let u be 58*(-56)/(-16)*(-1)/(-1). Suppose -f - 3*z + 82 = 34, 0 = -a*f - z + u. What are the prime factors of f?
3, 17
Let h(x) = -x**2 + 12*x - 2*x**2 + 4 + 6*x**2. Let a be h(-8). Suppose -4*c = -k - a, 3*k = k + 8. List the prime factors of c.
2, 13
Let l be 3 + 4 + (-4)/2. Let u(s) be the second derivative of s**4/6 - 2*s**3/3 + 5*s**2/2 + 17*s. List the prime factors of u(l).
5, 7
Let z = 33 + -33. Suppose 2*w - 52 = t, 0 = -3*w - z*t + t + 79. List the prime factors of w.
3
List the prime factors of (-18)/207 + 13204/23.
2, 7, 41
Let u(d) be the third derivative of d**6/144 + d**5/24 - d**4/6 - 5*d**2. Let f(s) be the second derivative of u(s). List the prime factors of f(5).
2, 3, 5
Let z(s) be the second derivative of -s**5